{"id":229,"date":"2015-07-27T03:29:01","date_gmt":"2015-07-27T03:29:01","guid":{"rendered":"http:\/\/demo.vegatheme.com\/archilight\/?page_id=229"},"modified":"2026-03-27T09:46:04","modified_gmt":"2026-03-27T12:46:04","slug":"nossa-historia","status":"publish","type":"page","link":"https:\/\/viajecastelo.com.br\/?page_id=229","title":{"rendered":"Nossa Hist\u00f3ria"},"content":{"rendered":"<p>[vc_row fullwidth=&#8221;yes&#8221; css=&#8221;.vc_custom_1474447018555{background-position: 0 0 !important;background-repeat: no-repeat !important;}&#8221; el_class=&#8221;side-bg no-padding&#8221;][vc_column]\n\t<div class=\"side-bg\">\n\t\t<div class=\"image-container pull-left col-md-5\" style=\"background-image:url(https:\/\/viajecastelo.com.br\/v_2018\/wp-content\/uploads\/2018\/04\/NOSSA-HISTORIA.jpg); ?>\" data-delay=\"0\"><\/div>\n        <div class=\"container\">\n            <div class=\"row\">\n                <div class=\"inner-padding\">\n                    <div class=\"col-md-6 col-md-offset-6 wow fadeInRight\" data-wow-delay=\".2s\">\n                        <h2>Sobre a Empresa<\/h2><br\/>\n                        <\/p>\n<p>Desde 1972&#8230;<br \/>\nA Via\u00e7\u00e3o Castelo Branco foi fundada em 27 de outubro de 1972, mas se\u00a0implantou no munic\u00edpio de Quatro Barras em 1974, onde a empresa contava com o\u00a0mesmo n\u00famero de \u00f4nibus, por\u00e9m, com id\u00e9ias e planos estabelecidos de um desenvolvimento mais eficaz e promissor. A popula\u00e7\u00e3o contava com os quatro \u00f4nibus da Via\u00e7\u00e3o Castelo Branco para fazer o transporte de passageiros para Curitiba, pois, neste per\u00edodo, o transporte coletivo estava come\u00e7ando sua evolu\u00e7\u00e3o.<\/p>\n<p>No come\u00e7o eram os pr\u00f3prios propriet\u00e1rios que atuavam como motoristas e cobradores, tamb\u00e9m cuidavam da parte administrativa, pois sem uma boa, ou seja, excelente administra\u00e7\u00e3o, uma empresa n\u00e3o consegue tra\u00e7ar o seu caminho de sucesso, como fez a Castelo Branco. Como a maioria das empresas que hoje se destacam nos seus diversos segmentos, a Castelo Branco tem sua hist\u00f3ria de muito trabalho e dedica\u00e7\u00e3o por parte da fam\u00edlia que hoje dirige a empresa, se mantendo otimista ao crescimento atrav\u00e9s de suas gera\u00e7\u00f5es presentes e futuras.<\/p>\n<h3 class=\"single-title\">Via\u00e7\u00e3o Castelo Branco inicia opera\u00e7\u00e3o que transporta mil colaboradores por dia em Santa Catarina<\/h3>\n<p>No dia 14 de outubro de 2024, a Via\u00e7\u00e3o Castelo Branco iniciou uma nova opera\u00e7\u00e3o de fretamento cont\u00ednuo na regi\u00e3o de Santa Catarina, atendendo \u00e0 empresa Seara, na unidade localizada no munic\u00edpio de Seara.<\/p>\n<figure class=\"wp-block-image size-large\">\n<img loading=\"lazy\" decoding=\"async\" class=\"aligncenter wp-image-2434 size-full\" src=\"https:\/\/viajecastelo.com.br\/v_2018\/wp-content\/uploads\/2026\/03\/WhatsApp-Image-2026-03-12-at-14.52.14-e1774615126962.jpeg\" alt=\"\" width=\"762\" height=\"537\" srcset=\"https:\/\/viajecastelo.com.br\/v_2018\/wp-content\/uploads\/2026\/03\/WhatsApp-Image-2026-03-12-at-14.52.14-e1774615126962.jpeg 762w, https:\/\/viajecastelo.com.br\/v_2018\/wp-content\/uploads\/2026\/03\/WhatsApp-Image-2026-03-12-at-14.52.14-e1774615126962-300x211.jpeg 300w\" sizes=\"auto, (max-width: 762px) 100vw, 762px\" \/><\/figure>\n<p>A opera\u00e7\u00e3o realiza o transporte di\u00e1rio de aproximadamente 1.000 colaboradores, distribu\u00eddos em tr\u00eas turnos de trabalho. O atendimento contempla profissionais residentes nos munic\u00edpios de It\u00e1, Conc\u00f3rdia, Entre Rios, Ponte Serrada, Chapec\u00f3, Xaxim, \u00c1gua Amarela e Paial, al\u00e9m das cidades ga\u00fachas de Nonoai, Itatiba do Sul e Benjamin Constant do Sul.<\/p>\n<p>A estrutura\u00e7\u00e3o do servi\u00e7o foi planejada com foco em seguran\u00e7a operacional, pontualidade e controle rigoroso dos processos. A empresa mant\u00e9m monitoramento da frota, manuten\u00e7\u00e3o preventiva programada, controle de jornada dos motoristas e capacita\u00e7\u00e3o cont\u00ednua das equipes.<\/p>\n<p>A nova opera\u00e7\u00e3o amplia a atua\u00e7\u00e3o da Via\u00e7\u00e3o Castelo Branco no transporte corporativo, refor\u00e7ando seu compromisso com qualidade, confiabilidade e preserva\u00e7\u00e3o da vida.<\/p>\n<p>Esse novo projeto tamb\u00e9m se conecta \u00e0 trajet\u00f3ria constru\u00edda ao longo de d\u00e9cadas pela empresa, marcada pela expans\u00e3o respons\u00e1vel, pelo investimento constante em tecnologia e gest\u00e3o e pela valoriza\u00e7\u00e3o das pessoas. Ao longo de sua hist\u00f3ria, a Via\u00e7\u00e3o Castelo Branco consolidou-se como refer\u00eancia em mobilidade e transporte de passageiros, contribuindo diariamente para o desenvolvimento das regi\u00f5es onde atua e para a seguran\u00e7a de milhares de trabalhadores.<\/p>\n<p>                    <\/div>\n                    <div class=\"clearfix\"><\/div>\n                <\/div>\n            <\/div>\n        <\/div>\n\t<\/div>\n\n[\/vc_column][\/vc_row]<\/p>\n","protected":false},"excerpt":{"rendered":"<p>[vc_row fullwidth=&#8221;yes&#8221; css=&#8221;.vc_custom_1474447018555{background-position: 0 0 !important;background-repeat: no-repeat !important;}&#8221; el_class=&#8221;side-bg no-padding&#8221;][vc_column][\/vc_column][\/vc_row]<\/p>\n","protected":false},"author":1,"featured_media":0,"parent":0,"menu_order":0,"comment_status":"open","ping_status":"open","template":"page-templates\/template-fullwidth.php","meta":{"_monsterinsights_skip_tracking":false,"_monsterinsights_sitenote_active":false,"_monsterinsights_sitenote_note":"","_monsterinsights_sitenote_category":0,"footnotes":""},"class_list":["post-229","page","type-page","status-publish","hentry"],"_links":{"self":[{"href":"https:\/\/viajecastelo.com.br\/index.php?rest_route=\/wp\/v2\/pages\/229","targetHints":{"allow":["GET"]}}],"collection":[{"href":"https:\/\/viajecastelo.com.br\/index.php?rest_route=\/wp\/v2\/pages"}],"about":[{"href":"https:\/\/viajecastelo.com.br\/index.php?rest_route=\/wp\/v2\/types\/page"}],"author":[{"embeddable":true,"href":"https:\/\/viajecastelo.com.br\/index.php?rest_route=\/wp\/v2\/users\/1"}],"replies":[{"embeddable":true,"href":"https:\/\/viajecastelo.com.br\/index.php?rest_route=%2Fwp%2Fv2%2Fcomments&post=229"}],"version-history":[{"count":23,"href":"https:\/\/viajecastelo.com.br\/index.php?rest_route=\/wp\/v2\/pages\/229\/revisions"}],"predecessor-version":[{"id":2446,"href":"https:\/\/viajecastelo.com.br\/index.php?rest_route=\/wp\/v2\/pages\/229\/revisions\/2446"}],"wp:attachment":[{"href":"https:\/\/viajecastelo.com.br\/index.php?rest_route=%2Fwp%2Fv2%2Fmedia&parent=229"}],"curies":[{"name":"wp","href":"https:\/\/api.w.org\/{rel}","templated":true}]}}

Nossa História

<p>[vc_row fullwidth=&#8221;yes&#8221; css=&#8221;.vc_custom_1474447018555{background-position: 0 0 !important;background-repeat: no-repeat !important;}&#8221; el_class=&#8221;side-bg no-padding&#8221;][vc_column]
	<div class="side-bg">
		<div class="image-container pull-left col-md-5" style="background-image:url(https://viajecastelo.com.br/v_2018/wp-content/uploads/2018/04/NOSSA-HISTORIA.jpg); ?>" data-delay="0"></div>
        <div class="container">
            <div class="row">
                <div class="inner-padding">
                    <div class="col-md-6 col-md-offset-6 wow fadeInRight" data-wow-delay=".2s">
                        <h2>Sobre a Empresa</h2><br/>
                        </p>
<p>Desde 1972&#8230;<br />
A Viação Castelo Branco foi fundada em 27 de outubro de 1972, mas se implantou no município de Quatro Barras em 1974, onde a empresa contava com o mesmo número de ônibus, porém, com idéias e planos estabelecidos de um desenvolvimento mais eficaz e promissor. A população contava com os quatro ônibus da Viação Castelo Branco para fazer o transporte de passageiros para Curitiba, pois, neste período, o transporte coletivo estava começando sua evolução.</p>
<p>No começo eram os próprios proprietários que atuavam como motoristas e cobradores, também cuidavam da parte administrativa, pois sem uma boa, ou seja, excelente administração, uma empresa não consegue traçar o seu caminho de sucesso, como fez a Castelo Branco. Como a maioria das empresas que hoje se destacam nos seus diversos segmentos, a Castelo Branco tem sua história de muito trabalho e dedicação por parte da família que hoje dirige a empresa, se mantendo otimista ao crescimento através de suas gerações presentes e futuras.</p>
<h3 class="single-title">Viação Castelo Branco inicia operação que transporta mil colaboradores por dia em Santa Catarina</h3>
<p>No dia 14 de outubro de 2024, a Viação Castelo Branco iniciou uma nova operação de fretamento contínuo na região de Santa Catarina, atendendo à empresa Seara, na unidade localizada no município de Seara.</p>
<figure class="wp-block-image size-large">
<img loading="lazy" decoding="async" class="aligncenter wp-image-2434 size-full" src="https://viajecastelo.com.br/v_2018/wp-content/uploads/2026/03/WhatsApp-Image-2026-03-12-at-14.52.14-e1774615126962.jpeg" alt="" width="762" height="537" srcset="https://viajecastelo.com.br/v_2018/wp-content/uploads/2026/03/WhatsApp-Image-2026-03-12-at-14.52.14-e1774615126962.jpeg 762w, https://viajecastelo.com.br/v_2018/wp-content/uploads/2026/03/WhatsApp-Image-2026-03-12-at-14.52.14-e1774615126962-300x211.jpeg 300w" sizes="auto, (max-width: 762px) 100vw, 762px" /></figure>
<p>A operação realiza o transporte diário de aproximadamente 1.000 colaboradores, distribuídos em três turnos de trabalho. O atendimento contempla profissionais residentes nos municípios de Itá, Concórdia, Entre Rios, Ponte Serrada, Chapecó, Xaxim, Água Amarela e Paial, além das cidades gaúchas de Nonoai, Itatiba do Sul e Benjamin Constant do Sul.</p>
<p>A estruturação do serviço foi planejada com foco em segurança operacional, pontualidade e controle rigoroso dos processos. A empresa mantém monitoramento da frota, manutenção preventiva programada, controle de jornada dos motoristas e capacitação contínua das equipes.</p>
<p>A nova operação amplia a atuação da Viação Castelo Branco no transporte corporativo, reforçando seu compromisso com qualidade, confiabilidade e preservação da vida.</p>
<p>Esse novo projeto também se conecta à trajetória construída ao longo de décadas pela empresa, marcada pela expansão responsável, pelo investimento constante em tecnologia e gestão e pela valorização das pessoas. Ao longo de sua história, a Viação Castelo Branco consolidou-se como referência em mobilidade e transporte de passageiros, contribuindo diariamente para o desenvolvimento das regiões onde atua e para a segurança de milhares de trabalhadores.</p>
<p>                    </div>
                    <div class="clearfix"></div>
                </div>
            </div>
        </div>
	</div>

[/vc_column][/vc_row]</p>
